60. Suppose -5*p + u = 2019. Is p a composite number?
False
Suppose 0 = -3*o - 4*i + 19, -3*o + 11 + 9 = 5*i. Suppose -3*d = o*d - 40. Suppose 3141 + 2614 = d*q. Is q prime?
True
Let n(d) = -692*d - 272. Let z be n(13). Let y = 15611 + z. Is y a prime number?
True
Let r = -14 - -21. Let q(a) = 9*a**3 - a**2 - 2*a - 3. Let z be q(r). Suppose 6539 = 8*i - z. Is i prime?
False
Let b be (3*5/(-60))/((-1)/8). Suppose -2*q - b*i + 904 = 0, 4*q = 4*i + 375 + 1393. Is q prime?
False
Let d(x) = x**3 + 45*x**2 + 57*x + 37. Let s be d(-26). Suppose -3*n + s = -5*b, -2*b + b = 2*n - 7582. Is n composite?
False
Suppose x + 37*b - 34*b = 307934, -b = 2*x - 615873. Is x a prime number?
False
Let n = -97 - -97. Suppose -5*b + 0*b = 5*v - 1280, 4*b + v - 1009 = n. Is b a composite number?
False
Suppose -j + 51 + 1211 = 0. Let m = j + -192. Suppose m = 2*g + x, -844 = -2*g + 4*x + 206. Is g a prime number?
False
Let b(h) = -h**3 - 16*h**2 + h - 23. Let g(t) = -t**2 + 15*t - 41. Let a be g(10). Suppose -a*k = 256 - 40. Is b(k) a composite number?
False
Let w(s) = -1 + 1293*s**2 - 2*s - 4*s + 3876*s**2 - 7*s + 0*s. Is w(-3) a composite number?
False
Let q(j) = 1091*j**2 - 682*j + 6721. Is q(10) a composite number?
False
Suppose 21*p - 35*p = 0. Suppose p = 8*x - 15*x + 21217. Is x composite?
True
Let n be 60033/(-33) + (-2)/(-11). Suppose -22910 = 5*z + 4*o, 5570 = -2*z - 3*o - 3587. Let a = n - z. Is a prime?
True
Suppose -14*k + 16*k = -23856. Let j = 1451 - k. Is j prime?
False
Let t = -163372 - -332193. Is t a composite number?
True
Suppose -3*t + 214849 = 8*t - 10*t. Is t composite?
False
Suppose 2*w = -5*x + 50292, x - 3*w - 10056 = -w. Let h = -291 + x. Is h a prime number?
True
Suppose 4*s + 7 = -9. Let z be 0*((-10)/s - 2). Is 2/(z + (-8)/(-3076)) a prime number?
True
Is 16909 + (40/16)/((-15)/(-48)) prime?
False
Let d(b) = 12*b + 20. Let q be d(-10). Let t = q - -115. Is (-52)/390 - (-5867)/t a composite number?
True
Is 163013/2 - (-35)/(-42)*-3 prime?
True
Let p(v) = 4053*v**2 - 104*v + 24. Is p(11) prime?
False
Let w(s) = -3*s**3 - 4*s**2 - 61*s + 97. Is w(-30) prime?
False
Suppose 3*q - 3855 = -3*n - 0*n, -4*q = 20. Let a = -208 + n. Is a a prime number?
False
Let i = 207295 + -122184. Is i a composite number?
True
Let u = -2555 - -10065. Suppose 21*x - 22*x = 3*m - u, x - 12516 = -5*m. Is m a prime number?
True
Suppose -2*a + 3*l + 724442 = 0, -l + 690760 - 2501917 = -5*a. Is a composite?
False
Suppose -6*x - n = -268627, 73*x + 5*n = 71*x + 89547. Is x a composite number?
False
Let l(w) = -w**3 + 4*w**2 + 4*w - 6. Let b be l(6). Let n = -54 - b. Suppose 0 = -5*k - 2*i + 8281, n*k - 3*k + 4974 = 3*i. Is k composite?
True
Let f = -94 + 97. Suppose -p - 7 = -4*r - 3, 0 = 2*r + f*p + 12. Suppose -2*u = r, 5*v = 4*u - 6925 + 28980. Is v prime?
False
Suppose 26*n - 13*n - 22*n + 8302995 = 0. Is n composite?
True
Suppose 2*s = 3*s, 5*s - 18 = -3*x. Is ((-2)/3)/(-1) + 19334/x a composite number?
True
Suppose 3*u + 21 = -p + 4*p, 0 = -5*u + p - 47. Let h(y) = -198*y - 133. Is h(u) composite?
False
Suppose -14*s - 50*s + 17788352 = 0. Is s prime?
False
Let a = -104 - -201. Suppose -94 = 3*z - a. Is 53*z/(4 + -3) a composite number?
False
Let t be ((42/(-35))/(-2))/((-1)/(-15)). Let m(z) = 78*z - 23. Is m(t) a prime number?
False
Is (-707272)/(-18) + 7/(-63)*-1 prime?
True
Suppose 2*t + 5*p + 9 = 0, 5*p + 23 = t - 5*t. Let v be (10/(-9))/(t/63). Suppose 2*o - 4159 = 3*c - 1026, v = -2*c. Is o a composite number?
False
Let z(n) = 98*n**2 - 72*n - 116. Is z(15) a composite number?
True
Let i(d) = 448*d - 23. Let p be i(6). Suppose -3*t + 3*c + 25522 = p, c = -4*t + 30486. Is t a composite number?
False
Let g(f) be the second derivative of 7*f**3 - 11*f**2/2 + f + 341. Let k(m) = m**2 - 4*m + 5. Let v be k(5). Is g(v) a composite number?
False
Let p = 3133554 + -1219487. Is p prime?
True
Let p = 2136 + -127. Let n = p - -152. Is n prime?
True
Suppose 5*h + 15 = 0, w - 40 = -0*w - 3*h. Suppose -w = -z + 738. Is z a prime number?
True
Is ((-21)/(-3) - 5)/(-2)*-1931 prime?
True
Let d(z) = 98*z**2 + 6*z + 17. Let y(m) = 98*m**2 + 7*m + 18. Let v(i) = 4*d(i) - 3*y(i). Is v(5) a composite number?
True
Suppose 2*n - 20 = -10. Let x be ((-383668)/(-8) - 3)*(7 - n). Suppose -11*j + x = 9528. Is j prime?
True
Let p(k) = 171*k**3 - 11*k**2 + 40*k - 755. Is p(14) prime?
False
Is (-8)/(-7) - (-190113)/49 prime?
True
Let d(f) = -5151*f**3 + 6*f**2 - 2*f - 7. Is d(-4) a composite number?
False
Let m(u) = 899*u**2 - 17*u + 77. Is m(7) a composite number?
True
Suppose -2*q - 3*c = -25, 5*q - 5 = 4*c - 0*c. Suppose 5*g + 5*r - 182 - 133 = 0, -q*r = 15. Is (-12)/g - 849/(-11) composite?
True
Let m(l) = 1483*l**2 + 271*l - 7. Is m(-8) a prime number?
True
Let v = -339 + 749. Suppose 0 = -c + v + 4517. Is c composite?
True
Let u be 18/81 + ((-136)/18)/(-2). Is u - 11/(88/(-10584)) a composite number?
False
Let z be ((-50)/(-45))/(-5) - 6/(-27). Suppose -30*w + 29*w + 211 = z. Is w composite?
False
Suppose 0 = 5*n - 9*n + 28. Suppose 14 = -n*l - 0. Is (l + 19)/(0 - 1/(-3)) a prime number?
False
Let r be ((-1)/(-1))/(7/121996). Let c = -9314 + r. Is c prime?
False
Let d = 116255 - 24841. Is d composite?
True
Suppose 6*p + 17 = 11. Is ((-7617)/6)/(3/6*p) composite?
False
Suppose 5*z = -5*s + 325890, 228*s - 231*s = -4*z + 260684. Is z a prime number?
False
Suppose 37*b = 36*b + 6, 0 = 3*p + 4*b - 43065. Is p a prime number?
True
Let s(l) = -l**3 + 97*l**2 - 138*l - 173. Is s(54) composite?
False
Let h be (-6)/(-24) + (-278)/(-8). Suppose -h = -2*t - 5*t. Suppose -726 = -w - t*w. Is w a prime number?
False
Suppose -5*u + 2*p + p + 14 = 0, 0 = 4*u + p - 1. Let i(n) = 2*n**3 + 2*n**2 - n. Let v be i(u). Suppose -2165 - 4834 = -v*k. Is k composite?
False
Let l be 33/(((-45)/20)/(-3)). Let y = l - 31. Is (9 - y) + 275*1 a prime number?
True
Let g(n) = 172*n**2 - 38*n + 643. Is g(14) composite?
True
Suppose 109 = -5*c + 109. Is 851 + c + 1 + 4/(-4) prime?
False
Let s(p) = -26*p - 67. Let f be s(-3). Suppose f*a = -10283 + 44152. Is a composite?
False
Let k(b) = 229*b**2 - 73*b - 1301. Is k(-23) a prime number?
False
Let y = -39 + 41. Suppose a = y*n - 2683, n + 5*a = a + 1355. Is n a prime number?
False
Suppose 4549 = 10*v - 41. Suppose v*p + 2905 = 464*p. Is p prime?
False
Is 2/(-20) - 144933222/(-420) prime?
False
Let k(s) = 21 - 8*s - 8 + 4*s. Let i be k(-7). Suppose d = 3*u - 137, 4*u - 3*u = 5*d + i. Is u composite?
True
Let y = 115 - 118. Let g(d) = 621*d + 19. Let c(t) = -207*t - 6. Let l(m) = -11*c(m) - 4*g(m). Is l(y) prime?
False
Let i = 32678 - -328985. Is i a prime number?
True
Suppose 5*g - 52 = 31*g. Is 2/(g/6 - 4708/(-14052)) a composite number?
False
Suppose 45191 = 4*c + 3*j - 98046, -3*c + 4*j + 107409 = 0. Is c a prime number?
False
Let w = 42937 - 9104. Is w prime?
False
Let r(t) = 9*t - 9. Let b be r(3). Suppose 1799 = -b*c + 5417. Is c a composite number?
True
Let x(y) = -9*y**3 + 39*y**2 - 20*y + 1. Let j(n) = -4*n**3 + 19*n**2 - 10*n. Let r(h) = 7*j(h) - 3*x(h). Let s be r(10). Suppose s = 2*c - 325. Is c composite?
True
Suppose -2*m - 50 = -0*m. Let h = 30 + m. Suppose 0*u + 2*u + h*y = 4790, -u - 4*y = -2395. Is u a composite number?
True
Let l = 78386 - 52245. Is l prime?
True
Let x = -285549 + 430432. Is x a composite number?
False
Let q(h) = -h**3 + 24*h**2 - 17*h - 13. Let c(s) = -2*s**3 + 48*s**2 - 33*s - 28. Let f(o) = -2*c(o) + 5*q(o). Is f(17) a prime number?
False
Let w(s) = s**2 - 7*s + 8. Let y be w(-11). Let z = 4105 - y. Is z a prime number?
False
Suppose 5*h - w + 11 = 51, -3*h = -2*w - 17. Let b = 14 - h. Suppose -2945 = -b*k - 5*d, 2*k = 4*d + 1521 - 361. Is k a composite number?
True
Suppose 9*f = -28 + 100. Is (-14)/(-56) + 3110/f composite?
False
Suppose -2*h = 3*u - 202737, -16*u + 14*u - 5*h = -135169. Is u a prime number?
True
Let z be ((-1)/(1/(-14)))/(-8 - -7). Is (-12)/28 - (23750/z + 3) a prime number?
True
Is 101437820/363 - (-2)/(-66) a composite number?
False
Suppose -3*i + 0*i - 2 = -4*u, -3*u = -4*i + 2. Suppose -6*x + k = -u*x - 2810, 0 = -4*x - 4*k + 2820. Is x prime?
False
Is -1*(-5)/(-60) - (42812110/(-24))/11 prime?
False
Let i(m) = -11711*m - 18218. Is i(-31) a composite number?
True
Let o be -24 - (3 - 2/2). Let l = 300 - 7